7*r - 4. Give z(6).
-70
Let b(t) = -2*t**2 + 3*t + 15. Determine b(4).
-5
Let v(d) = -2*d - 1. Determine v(2).
-5
Let w(o) = -2*o**3 - 15*o**2 - 8*o - 1. Determine w(-7).
6
Let z(t) = 18*t - 41. Determine z(7).
85
Let z(g) = 15*g + 25. Give z(-2).
-5
Let g(k) = 3*k - 19. Determine g(9).
8
Let x(l) = -3*l + 14. What is x(5)?
-1
Let z(y) = y + 37. What is z(-8)?
29
Let u(q) = q**3 - 9*q**2 - 7*q + 9. Calculate u(10).
39
Let u(y) = y. Give u(9).
9
Let o(l) = l**3 - 7*l**2 - l - 1. Calculate o(7).
-8
Let k(t) = t**3 + 8*t**2 - 3*t - 13. Calculate k(-6).
77
Let b(f) = f**2 - 18*f - 23. What is b(19)?
-4
Let p(l) = l + 1. Give p(5).
6
Let a(y) = y**3 - y**2 + 9*y - 20. Determine a(3).
25
Let k(n) = -n - 13. Determine k(-18).
5
Let y(h) = 4*h**2 - 25*h + 31. Determine y(4).
-5
Let o(c) = c**3 + 14*c**2 - 7*c - 6. What is o(-14)?
92
Let g(w) = -20*w - 121. Calculate g(-6).
-1
Let y(s) = s**2 + 13*s + 64. Give y(-8).
24
Let c(u) = 3*u**2 + u. What is c(2)?
14
Let u(k) = k**2 - 119. Determine u(11).
2
Let w(n) = -n**3 - 6*n**2 - 6*n - 3. Give w(-5).
2
Let b(u) = u**2 + 5*u - 15. What is b(-7)?
-1
Let o(g) = -12*g - 2. Calculate o(4).
-50
Let j(q) = -33*q + 96. Give j(3).
-3
Let m(n) = -n**3 - 3*n**2 + 2*n - 9. Give m(-4).
-1
Let a(l) = l**3 + 4*l**2 + 6*l + 7. What is a(-3)?
-2
Let d(y) = -16*y - 176. Give d(-11).
0
Let p(i) = 2*i**3 + i**2 - i + 2. Give p(0).
2
Let o(r) = -2*r**3 + 7*r**2 + 26*r + 12. What is o(6)?
-12
Let i(l) = l**3 - l**2 + 4*l + 4. What is i(-3)?
-44
Let p(b) = -b**2 + 6*b + 6. Give p(5).
11
Let b(q) = -6*q - 72. Give b(-7).
-30
Let o(r) = 7*r - 3. Give o(-1).
-10
Let i(x) = x**3 - 21*x**2 - 24*x + 41. Calculate i(22).
-3
Let c(a) = -3*a**2 + 41*a + 86. Determine c(-2).
-8
Let d(u) = 4*u - 21. Determine d(6).
3
Let s(l) = -2*l + 12. Determine s(7).
-2
Let d(f) = f**3 - 7*f**2 + 4*f + 4. Give d(3).
-20
Let n(r) = 13*r + 94. Determine n(-8).
-10
Let z(f) = -3*f - 55. Calculate z(-22).
11
Let c(j) = -157*j**3 + 1. Give c(-1).
158
Let r(t) = t**3 + 8*t**2 + 11*t + 5. Determine r(-7).
-23
Let d(l) = -l**3 - l**2 + 6*l + 10. Determine d(3).
-8
Let w(c) = 2*c**2 + 4*c + 4. Determine w(-2).
4
Let s(y) = -5*y + 11. What is s(3)?
-4
Let s(u) = -u**2 - 5*u + 7. Give s(-5).
7
Let q(c) = -c**3 + c**2 + 2. Determine q(3).
-16
Let m(y) = -y + 22. Give m(9).
13
Let v(f) = -30*f - 73. What is v(-3)?
17
Let n(o) = o**3 + 3*o**2 - 27*o - 19. Calculate n(-7).
-26
Let o(k) = k**2 - 13*k - 10. What is o(13)?
-10
Let g(x) = x - 5. What is g(2)?
-3
Let a(c) = c**3 - c**2 + 4. Determine a(0).
4
Let c(k) = k**2 + 10*k - 10. What is c(-11)?
1
Let x(c) = c**3 - 9*c**2 + 10*c + 1. Calculate x(7).
-27
Let k(g) = 2*g**3 + 5*g**2 + 5*g + 10. What is k(-3)?
-14
Let t(l) = -50*l - 4. Give t(-1).
46
Let y(o) = o**3 + 8*o**2 + 9*o + 2. Give y(-5).
32
Let f(m) = m**3 - 8*m**2 - 10*m + 11. Calculate f(9).
2
Let n(l) = -2*l + 11. Calculate n(6).
-1
Let u(b) = 2*b**3 + 67*b**2 + 34*b + 36. Give u(-33).
3
Let o(a) = -a**2 + a. Calculate o(2).
-2
Let l(z) = z**2 - 14*z + 10. Give l(9).
-35
Let s(r) = -2*r**3 + 11*r**2 + 5*r + 11. Determine s(6).
5
Let i(y) = -8*y + 51. Calculate i(9).
-21
Let b(g) = 2*g - 40. Calculate b(26).
12
Let x(j) = 17*j - 6. Give x(3).
45
Let w(y) = -18*y**2 - 6*y + 11. Give w(2).
-73
Let d(a) = a**3 - a**2 + 2*a + 24. Determine d(0).
24
Let f(d) = d**3 + 10*d**2 + 19*d + 28. Determine f(-8).
4
Let q(f) = -2*f**2 - 17*f - 6. What is q(-5)?
29
Let v(x) = -4*x - 22. Calculate v(-7).
6
Let b(l) = -l**3 - 6*l**2 + 5*l - 9. What is b(-7)?
5
Let j(a) = 14*a**3 + a**2 - a + 1. Calculate j(1).
15
Let i(s) = -2*s**3 + 22*s**2 - 4. Determine i(11).
-4
Let z(p) = -3*p - 6. Give z(-5).
9
Let a(n) = -n**3 + 6*n**2 - 2*n - 25. Calculate a(6).
-37
Let l(o) = -o**3 + 6*o**2 - 7*o + 9. Determine l(5).
-1
Let n(b) = -b**3 + b**2 - b + 9. What is n(0)?
9
Let m(u) = -u**2 + u - 4. Calculate m(-4).
-24
Let l(b) = 2*b - 25. Give l(-12).
-49
Let h(b) = 2*b**2 - 2*b + 1. Give h(-3).
25
Let l(d) = -22*d**3 + d**2 - 3*d + 2. Determine l(1).
-22
Let g(z) = -2*z**2 - 16*z + 8. Calculate g(-7).
22
Let t(g) = g + 14. Give t(-12).
2
Let h(k) = -3*k + 27. What is h(12)?
-9
Let y(s) = -s**2. Calculate y(-2).
-4
Let f(h) = -h**2 + 10*h - 15. What is f(2)?
1
Let n(v) = -v**2 - 3*v + 8. Give n(-5).
-2
Let m(t) = t**3 - 8*t**2 - 6*t - 8. Give m(9).
19
Let t(r) = -2*r**2 - 3*r + 10. Give t(-3).
1
Let i(l) = 5*l + 26. Give i(-3).
11
Let n(r) = 3*r + 5. What is n(0)?
5
Let q(p) = p**2 - 21*p + 117. What is q(8)?
13
Let j(c) = 20*c + 80. Calculate j(-4).
0
Let r(w) = w - 3. Determine r(-7).
-10
Let g(i) = -4*i**2. Calculate g(1).
-4
Let v(d) = -3*d**2 - 5*d + 11. Give v(-5).
-39
Let n(p) = p**3 - 11*p**2 - 2*p + 11. Calculate n(11).
-11
Let d(a) = -a**3 - 11*a**2 - 4*a - 24. What is d(-11)?
20
Let j(r) = -10*r. What is j(-3)?
30
Let l(i) = i**2 - 11*i - 11. Calculate l(12).
1
Let g(y) = -12*y**3 + 3*y - 4. Calculate g(1).
-13
Let m(b) = b**2 - 18*b + 4. Determine m(12).
-68
Let b(s) = -3*s - 17. Determine b(-5).
-2
Let j(d) = d**3 + 6*d**2 + 4*d - 13. Determine j(-6).
-37
Let o(s) = 16*s**3 - s**2 + 3*s - 1. What is o(1)?
17
Let h(w) = 6*w - 3. Calculate h(5).
27
Let o(w) = -w**3 + 9*w**2 + w + 17. Calculate o(8).
89
Let o(c) = -c**3 + c**2 - c - 6. Calculate o(0).
-6
Let n(p) = p**3 + 4*p**2 + 3*p + 6. What is n(-4)?
-6
Let u(b) = b**2 + 5*b - 7. Determine u(2).
7
Let k(u) = -4*u - 6. Calculate k(-11).
38
Let d(v) = 9*v**2 + 95*v + 21. What is d(-10)?
-29
Let o(b) = 9*b - 12. Calculate o(-2).
-30
Let g(w) = -w**2 - 27*w - 21. What is g(-26)?
5
Let x(z) = z**3 + 9*z**2 + 8*z - 21. Give x(-7).
21
Let k(n) = n**3 + 7*n**2 + 7*n - 4. Calculate k(-6).
-10
Let i(o) = o**3 + 10*o**2 - 5*o - 12. Give i(-11).
-78
Let p(m) = 2*m - 9. Calculate p(9).
9
Let g(i) = -2*i. Determine g(-18).
36
Let q(n) = -6*n - 150. What is q(-23)?
-12
Let q(u) = -3*u**3 + 157*u**2 - 52*u - 4. What is q(52)?
-4
Let g(f) = 31*f**3 + f**2 + f - 1. Give g(1).
32
Let k(p) = p**3 + p**2 - 4*p. Give k(-3).
-6
Let q(v) = 24*v + 2. Calculate q(-2).
-46
Let k(h) = 110*h - 110. Calculate k(1).
0
Let x(z) = z - 12. Give x(-3).
-15
Let p(y) = -y**2 - 3*y - 9. Determine p(-3).
-9
Let q(s) = -s**2 - 8*s + 206. Determine q(11).
-3
Let n(v) = v**3 + 28*v**2 + 52*v + 3. Calculate n(-26).
3
Let s(l) = l**3 - 4*l**2 + l + 6. What is s(5)?
36
Let l(a) = a**3 - 6*a**2 + 13*a - 15. What is l(4)?
5
Let b(z) = -z**3 - 7*z**2 + 8*z - 10. What is b(-8)?
-10
Let g(m) = -3*m + 29. What is g(9)?
2
Let v(l) = 4*l - 46. What is v(8)?
-14
Let h(k) = -13*k - 89. Determine h(-7).
2
Let k(z) = -8*z + 32. Calculate k(10).
-48
Let r(h) = -h**2 + 5*h - 8. Determine r(3).
-2
Let o(z) = -5*z + 170. Give o(34).
0
Let h(c) = -22*c + 148. Give h(7).
-6
Let s(f) = f**2 - 2*f. Give s(1).
-1
Let x(u) = u**2 - u - 21. Determine x(5).
-1
Let r(z) = -z**2 - 26*z - 132. Determine r(-8).
12
Let p(y) = y**2 + 9*y. What is p(-3)?
-18
Let w(p) = -3*p**2 - 23*p + 4. Determine w(-8).
-4
Let r(v) = -2*v**3 + 29*v**2 - 21*v + 72. What is r(14)?
-26
Let u(v) = 3*v**3 - 3*v**2 - v - 6. Calculate u(2).
4
Let u(m) = 4*m - 37. Calculate u(10).
3
Let r(j) = j**2 + 1. Determine r(-3).
10
Let r(v) = v**3 + 15*v**2 + 28*v + 22. Calculate r(-13).
-4
Let v(t) = -2*t**2 + 24*t - 45. Calculate v(9).
9
Let a(n) = n + 7. Give a(-5).
2
Let z(q) = -4*q**2 + 5*q - 1. What is z(2)?
-7
Let w(l) = 2*l**3 - 43*l**2 + 59*l + 18. What is w(20)?
-2
Let j(b) = -2*b - 5. Determine j(-8).
11
Let p(n) = -2*n**3 + 2*n**2 + 2*n - 1. Determine p(3).
-31
Let a(i) = -i**3 + 20*i**2 - 5*i + 44. Determine a(20).
-56
Let t(c) = c**3 - 17*c**2 + 15*c + 70. Calculate t(16).
54
Let q(h) = -13*h + 42. Give q(4).
-10
Let q(o) = 2*o**2 + 33*o + 120. Give q(-9).
-15
Let r(u) = -u**3 + 5*u**2 - u - 4. Give r(4).
8
Let u(o) = 13*o + 45. What is u(-4)?
-7
Let q(v) = -v**2 - 11*v + 13. Calculate q(-10).
23
Let j(h) = 8*h + 8. What is j(-5)?
-32
Let y(h) = h**3 - 6*h**2 - 6*h + 16. What is y(5)?
-39
Let k(z) = 2*z + 5. What is k(-2)?
1
Let j(z) = -z**2 + 36*z + 201. What is j(41)?
-4
Let m(g) = -g + 7. Give m(-4).
11
Let t(l) = -l**2. Determine t(5).
-25
Let u(s) = s**2 - 2*s + 5. Calculate u(-3).
20
Let u(r) = r**2 + 3*r + 8. Calculate u(-3).
8
Let p(r) = r**3 + 7*r**2 - r + 10. What is p(-7)?
17
Let c(h) = h**2 - 6*h